56?
204
What is the greatest common factor of 155030 and 230?
10
Calculate the highest common factor of 50 and 114648460.
10
What is the highest common divisor of 25897586 and 85514?
6578
What is the greatest common factor of 12010 and 3908894700?
12010
Calculate the highest common divisor of 57498 and 66230.
74
Calculate the highest common divisor of 874 and 5340715.
23
What is the highest common factor of 161217 and 7203?
21
What is the highest common factor of 28 and 28553560?
28
What is the highest common factor of 16168929 and 2520?
21
Calculate the greatest common divisor of 21 and 355135095.
21
What is the greatest common factor of 33460431 and 43338?
699
What is the greatest common divisor of 8292466 and 159068?
4186
What is the highest common divisor of 8571141 and 756?
9
What is the highest common divisor of 387 and 6594867?
387
Calculate the greatest common factor of 174117264 and 816.
816
Calculate the highest common divisor of 310312 and 943576.
632
Calculate the greatest common factor of 4666 and 169770077.
2333
What is the highest common factor of 7394 and 846990094?
7394
Calculate the greatest common divisor of 45561936 and 240.
48
What is the highest common divisor of 579370 and 13915?
1265
What is the greatest common divisor of 688 and 20958286?
86
What is the highest common factor of 4970411 and 2981?
271
Calculate the greatest common factor of 640469 and 155335.
47
Calculate the highest common factor of 170373 and 57.
57
What is the greatest common factor of 98320 and 33937606?
2458
What is the greatest common factor of 25916307 and 4965?
993
Calculate the highest common divisor of 22981 and 1597481.
67
Calculate the highest common divisor of 92819 and 195637.
101
Calculate the greatest common divisor of 207261872 and 1264.
1264
Calculate the greatest common divisor of 748362 and 10656.
222
What is the greatest common factor of 2950240 and 28960?
160
Calculate the greatest common factor of 10199469 and 21.
21
Calculate the highest common factor of 39663 and 312.
39
What is the highest common divisor of 531 and 343439?
59
What is the greatest common factor of 1849644 and 63753?
807
What is the greatest common divisor of 4674 and 86811?
57
Calculate the highest common divisor of 34778950 and 75.
25
What is the highest common factor of 167617099 and 52?
13
Calculate the greatest common divisor of 578760 and 320320.
3640
Calculate the highest common divisor of 45284775 and 150.
75
Calculate the highest common divisor of 50 and 150231050.
50
What is the greatest common divisor of 73235272 and 1672?
1672
Calculate the highest common factor of 596362607 and 46.
23
What is the highest common factor of 48888 and 26152?
56
Calculate the greatest common factor of 8 and 998653.
1
Calculate the highest common divisor of 1654356 and 1499976.
996
What is the greatest common factor of 17549 and 365447?
23
What is the greatest common divisor of 2484 and 8263044?
36
What is the highest common divisor of 16617685 and 70?
35
Calculate the greatest common factor of 2473797 and 11490.
1149
Calculate the highest common divisor of 34024004 and 2380.
476
What is the highest common divisor of 60192 and 120992?
608
Calculate the highest common divisor of 8764352 and 192.
64
Calculate the greatest common divisor of 80 and 77084528.
16
Calculate the greatest common divisor of 396 and 805130634.
66
What is the greatest common divisor of 272 and 117011?
17
What is the greatest common divisor of 82 and 249633912?
82
What is the highest common factor of 40130947 and 365?
73
Calculate the greatest common divisor of 14017200 and 200.
200
Calculate the highest common divisor of 4 and 5798503.
1
What is the greatest common factor of 176 and 915409?
11
What is the highest common divisor of 13983402 and 963?
321
Calculate the greatest common divisor of 724680 and 4686.
66
Calculate the greatest common factor of 40524 and 8599377.
921
Calculate the highest common factor of 147908 and 109592.
412
Calculate the highest common factor of 888375 and 1766400.
1725
Calculate the greatest common divisor of 2791 and 59487374.
2791
What is the greatest common factor of 1554 and 133497?
21
Calculate the highest common factor of 92443 and 21463.
169
What is the greatest common factor of 40349 and 26219?
157
What is the greatest common divisor of 14550 and 844050?
150
What is the greatest common divisor of 1407 and 124930344?
1407
What is the highest common factor of 3649069 and 16177?
2311
What is the greatest common factor of 24505 and 15448459?
169
Calculate the highest common factor of 22347814 and 1441.
131
What is the highest common divisor of 3029303 and 114?
19
What is the highest common divisor of 9033 and 12047011?
3011
Calculate the highest common factor of 105030 and 146340.
270
What is the greatest common factor of 2594230 and 7965?
295
Calculate the greatest common divisor of 56 and 11813221.
7
What is the greatest common factor of 18970 and 10006?
2
What is the greatest common factor of 399 and 4496901?
57
Calculate the highest common divisor of 61774466 and 16588.
754
Calculate the greatest common divisor of 6 and 28566114.
6
What is the greatest common divisor of 37 and 126153831?
37
What is the highest common divisor of 2176 and 6537928?
136
Calculate the greatest common divisor of 3758554 and 371278.
5086
What is the greatest common divisor of 21 and 50935983?
21
What is the greatest common factor of 75035 and 4115315?
215
Calculate the highest common divisor of 1386 and 1081234.
154
Calculate the highest common factor of 272073 and 1219389.
267
What is the highest common factor of 19 and 13452589?
19
Calculate the greatest common divisor of 2 and 16937780.
2
What is the highest common divisor of 199 and 956118385?
199
Calculate the highest common factor of 17772 and 615417702.
8886
What is the greatest common factor of 630 and 792496530?
630
What is the greatest common divisor of 1201 and 77400847?
1201
What is the greatest common divisor of 8280 and 847023300?
4140
What is the greatest common divisor of 1916352 and 1216?
64
Calculate the greatest common divisor of 3573370 and 310.
310
What is the highest common factor of 90740 and 374128?
1396
What is the greatest common factor of 339 and 62505?
3
What is the greatest common factor of 2418 and 101861877?
1209
What is the greatest common factor of 506721 and 1273?
67
Calculate the highest common divisor of 132 and 208299388.
44
Calculate the highest common divisor of 1220 and 1723631860.
1220
Calculate the highest common divisor of 1575 and 2347875.
225
What is the highest common factor of 5525 and 33813?
221
What is the highest common factor of 44 and 1560182602?
22
Calculate the greatest common divisor of 42665 and 2785.
5
What is the greatest common factor of 1657 and 30127?
1
Calculate the greatest common divisor of 10176460 and 10990.
70
What is the highest common divisor of 7333773 and 8646?
393
Calculate the greatest common factor of 2436345912 and 462.
462
What is the greatest common factor of 208184705 and 2264?
283
What is the greatest common divisor of 25007980 and 115080?
2740
Calculate the greatest common factor of 1989905 and 4.
1
Calculate the greatest common divisor of 20486205 and 1440.
45
What is the highest common divisor of 2731985 and 51?
17
Calculate the highest common factor of 1055784 and 888.
24
What is the highest common divisor of 350 and 6360000?
50
What is the greatest common divisor of 1456452 and 4048?
92
What is the greatest common factor of 65 and 2711722?
13
What is the greatest common divisor of 53 and 168906071?
53
Calculate the highest common factor of 791 and 244532.
113
Calculate the greatest common divisor of 3935498 and 7896.
658
What is the highest common factor of 8658314 and 56?
14
What is the greatest common factor of 713896352 and 416?
416
What is the greatest common divisor of 144684335 and 285?
95
Calculate the highest common factor of 2876842 and 6876.
382
Calculate the highest common divisor of 24 and 95132448.
24
What is the highest common factor of 3042655 and 735?
245
What is the highest common factor of 12467793 and 117?
39
What is the highest common divisor of 130568608 and 874?
874
Calculate the highest common factor of 4218 and 34368834.
114
Cal